{"id":618,"date":"2014-10-03T23:50:36","date_gmt":"2014-10-03T21:50:36","guid":{"rendered":"http:\/\/titivituntyy.com\/?page_id=618"},"modified":"2014-10-03T23:50:36","modified_gmt":"2014-10-03T21:50:36","slug":"reinon-luontokuvakoulu","status":"publish","type":"page","link":"https:\/\/j3hyperactive.com\/titivituntyy.com\/index.php\/reinon-luontokuvakoulu\/","title":{"rendered":"Reinon luontokuvakoulu"},"content":{"rendered":"<p><a href=\"\/titivituntyy.com\/wp-content\/uploads\/2014\/07\/karikukko_IMG_9680.jpg\"><img loading=\"lazy\" decoding=\"async\" class=\"alignnone size-large wp-image-598\" src=\"\/titivituntyy.com\/wp-content\/uploads\/2014\/07\/karikukko_IMG_9680-1024x718.jpg\" alt=\"karikukko_IMG_9680\" width=\"500\" height=\"350\" \/><\/a>Koska luontokuvauksesta on tehty nyky\u00e4\u00e4n ihan VITUN MONIMUTKAISTA NIIN T\u00c4SS\u00c4 V\u00c4H\u00c4N PERUSASIOITA SAATANA ETT\u00c4 OSAA NUTIP\u00c4\u00c4TKIN KUVATA!<\/p>\n<p><strong>1. T\u00c4SS\u00c4 OVAT YKSISELITTEISET OIKEAT ASETUKSET!<\/strong><\/p>\n<p><strong>Kamera:<\/strong> Canon (vaihtuu Nikoniksi jos Nikon sponsoroi Reinoa ihan vitusti)<br \/>\n<strong>Malli:<\/strong> 6D (paras kuvanlaatu ja autofokus*)<br \/>\n<strong>Kuvauspylpyr\u00e4: M<\/strong>, koska se vihre\u00e4 automaattimode ei ymm\u00e4rr\u00e4 hevosen vittua linnuista! Luulee ett\u00e4 on syntt\u00e4rit tai l\u00e4hikuva rumista lapsista!\u00a0<strong><br \/>\nKuvanlaatu: <\/strong>RAW + JPEG, koska p\u00e4\u00e4see fuskaamaan.<strong><br \/>\nKuvaustyyli:<\/strong> Sarjatuli. Vituiksi menee joka tapauksessa ja muisti on halpaa!<br \/>\n<strong>Tarkennus:<\/strong> AI Servo. Ei ehdi muuten kukaan skarpata vittu riekko meni jo!<br \/>\n<strong>Objektiivi:<\/strong> Mik\u00e4 tahansa miss\u00e4 punainen raita ja yli 1500 euroa k\u00e4ytettyn\u00e4, mielell\u00e4\u00e4n Canon EF 800mm f\/5.6 L IS USM JOHON KELL\u00c4\u00c4N EI OLE VARAA!<br \/>\n<strong>Valotusaika:<\/strong> tasan 1\/1000 sekunti. Muuten on ep\u00e4selv\u00e4.<br \/>\n<strong> Aukko:<\/strong> Aina 10. Muuten on ep\u00e4selv\u00e4 tai pime\u00e4.<br \/>\n<strong>ISO:<\/strong> 1000. Muuten tulee pime\u00e4 ja akka soittaa kotiin.<br \/>\n<strong>Objektiivin asetukset:<br \/>\n&#8211; <\/strong>Stabilizer mode 2, koska ne on vittu lintuja ne lent\u00e4\u00e4 ei ne j\u00e4\u00e4 paikalleen ne kuolee jos ne ei lenn\u00e4 ruuan per\u00e4ss\u00e4 idiootti!<br \/>\n&#8211; AF koska ei voi kukaan tarkentaa k\u00e4sin nuorempana pystyi kuten pystyi pissaamaan kaaressa se on AF JA SILL\u00c4 SELV\u00c4!<br \/>\n<strong>Helppo muistaa:<\/strong> 1\/1000 sekunti, 10 aukko ja 1000 ISO. Mene vittu apukouluun jos ei t\u00e4m\u00e4k\u00e4\u00e4n nyt j\u00e4\u00e4 mieleen! Syrj\u00e4ydy oikein ja tule Reinon aitaa tuhrimaan JOS TAAS TULET SE ON POLIISIASIA EI VOI VITTUA PIRRT\u00c4\u00c4 TOISEN AITAAN JATKUVASTI!<\/p>\n<p>*Joka muuta v\u00e4itt\u00e4\u00e4 on herkkuperse! Vain keskimm\u00e4inen piste ratkaisee, koska linnut on aina vitun pieni\u00e4 keskell\u00e4 kuvaa.<\/p>\n<p><strong>2. MITEN KUVATAAN?<\/strong><\/p>\n<p><strong>Valmistautuminen<\/strong><\/p>\n<p>&#8211; Maastovaatteet p\u00e4\u00e4lle, hyv\u00e4 my\u00f6s ven\u00e4l\u00e4isten varalle. Vara-akku ja seitsem\u00e4ntuhatta muistikorttia.<\/p>\n<p>&#8211; Mene mets\u00e4\u00e4n, suolle tai rannalle<\/p>\n<p>&#8211; Pid\u00e4 kamera jo paikalle menness\u00e4 koko ajan tanassa ja hyviss\u00e4 asetuksissa. Jos riekko tulee ON JO MY\u00d6H\u00c4IST\u00c4!<\/p>\n<p>&#8211; On hyv\u00e4 suunnitella reitti niin, ettei kulje aurinkoon p\u00e4in, koska vastavaloon tulee parhaimmillaankin taidekuvia. &#8220;Ojentaisitko Bert punaviini\u00e4, uskon inspiraation olevan imminentti!&#8221; Ja vitut!<\/p>\n<p><strong>Kun el\u00e4in tulee<\/strong><\/p>\n<p>&#8211; Usein ei tule, odota. Jos on my\u00f6h\u00e4, valehtele vaimolle, ett\u00e4 on el\u00e4in, vaikka ei ole el\u00e4int\u00e4.<\/p>\n<p>&#8211; On hyv\u00e4, jos el\u00e4in tulee oikealta, koska silloin aurinko osuu sen turpaan eik\u00e4 pyrst\u00f6\u00f6n. &#8220;Katsos kun on hyvin valaistu perse tuolla supikoiralla&#8221; on \u00e4\u00e4rimm\u00e4isen harvoin kuultu lause luontovalokuvan\u00e4yttelyiss\u00e4.<\/p>\n<p>&#8211; \u00c4l\u00e4 katso kuvaushetkell\u00e4 aiemmin ottamiasi (rippi)kuvia, el\u00e4in ei ota jonotusnumeroa, vaan hujahtaa ohi hetkess\u00e4. Poislukien kuukkeli, joka on K\u00c4SITT\u00c4M\u00c4T\u00d6NT\u00c4 ETT\u00c4 ON ELOSSA EI VOI EL\u00c4IN SEURATA IHMIST\u00c4 KILOMETREJ\u00c4 JOS EI OLE KOTIEL\u00c4IN TAPPAKAA TAVATTAESSA ETT\u00c4 EVOLUUTIO ETENEE!<\/p>\n<p>&#8211; Jos hyttyset puree saattaa saada sympatiaa vaimolta. Aloe veraa \u00e4l\u00e4 anna laittaa se on tahmeata hyi HELVETTI MIT\u00c4 NE HIPIT KEKSII!<\/p>\n<p><strong>Nyt vasta se el\u00e4in tuleekin<\/strong><\/p>\n<p>&#8211; Aiemmin eksyttiin aiheesta, mutta kyseess\u00e4 on esim. kurki tai joku muu kohtuullisen kokoinen vihaan pikkulintuja.<\/p>\n<p>&#8211; Jos on sinisorsa, on t\u00e4rke\u00e4 kuvata tarkasti, koska ne nauraa aina j\u00e4lkeen p\u00e4in mutta nauru ei satu jos sorsa on filmill\u00e4. Korjaan kennolla ja siit\u00e4 muistikortille menee jotenkin tieteellisesti AIVAN SAMA NYT KUVATAAN!<\/p>\n<p>&#8211; Ei kannata alkaa tulittaa liian aikaisin, t\u00e4m\u00e4n my\u00f6s vaimo nuorempana sanoi, en\u00e4\u00e4 ei olla samassa makuuhuoneessa edes KYLL\u00c4 ON REINON EL\u00c4M\u00c4 HELVETTI\u00c4!<\/p>\n<p>&#8211; Jos tulittaa liian aikaisin, kameran v\u00e4limuisti tulee t\u00e4yteen ja sarjakuvaaminen VITTU T\u00c4SS\u00c4 LEPAKKOMIEHEST\u00c4 PIT\u00c4NYT PUHUA loppuu juuri kun el\u00e4in on l\u00e4himmill\u00e4\u00e4n.<\/p>\n<p>&#8211; Odota, kunnes silm\u00e4nvalkuaiset n\u00e4kyv\u00e4t, jos olisi intiaani, joita ei Suomessa ole paitsi oli niit\u00e4 el\u00e4m\u00e4ntapaintiaaneja EI K\u00c4Y REINON PIRTAAN POIS IS\u00c4NMAASTANI HIPIT paitsi voitte j\u00e4tt\u00e4\u00e4 hippityt\u00f6t ei puhuta vaimolle.<\/p>\n<p><strong>Varsinainen kuvaaminen<\/strong><\/p>\n<p>&#8211; El\u00e4imen l\u00e4hestyess\u00e4 on viel\u00e4 hyv\u00e4 varmistaa oikeat asetukset, eli <strong>aina: sarjakuvaus, AI Servo, 1\/1000 sekunti, aukko 10 ja ISO 1000, objektiivissa autofokus ja Stabilizer mode 2<\/strong>. On hyv\u00e4 opetella n\u00e4ppituntumalla objektiivin asetukset, koska VITUTTAA KUN VEN\u00c4L\u00c4IST\u00c4 SIRKUSKARHUA JOS ON MF P\u00c4\u00c4LL\u00c4 EN VOI K\u00c4SITT\u00c4\u00c4 MIKSI JAPANIALAINEN IHMINEN ON LAITTANUT VAIHTOEHDON?<\/p>\n<p>&#8211; Kun el\u00e4in on v\u00e4h\u00e4n l\u00e4hemp\u00e4n\u00e4 kuin olisi mukavaa, aloita sarjatulen ampuminen. Kuvia tulee yleens\u00e4 enint\u00e4\u00e4n seitsem\u00e4n ENNEN KUIN SE VITUN MUISTIKORTTI ALKAA PYKI\u00c4 JA SITTEN MENEE SEKUNTI PARI JUURI KUN EL\u00c4IN ON L\u00c4HELL\u00c4 VOI VITTU EIK\u00d6 VOI OLLA PAUSE-NAPPIA EL\u00c4M\u00c4SS\u00c4? Olisin pys\u00e4ytt\u00e4nyt 18-vuotiaana kun ei viel\u00e4 ollut vatsamakkaroita ja vaimo n\u00e4ytti suhteellisen simpsakalta. Mmmm&#8230; HYI HELVETTI MILT\u00c4 N\u00c4YTT\u00c4\u00c4 NYT VAIMO onneksi ei tied\u00e4 t\u00e4st\u00e4 blogista t\u00e4\u00e4ll\u00e4 voin purkautua huhhuh tekeep\u00e4 taas hyv\u00e4\u00e4&#8230; Lapset on my\u00f6s perseest\u00e4 mutta nyt taas kuvausasia unohtui.<\/p>\n<p>&#8211; Kuvia tulee siis enint\u00e4\u00e4n seitsem\u00e4n, joten on hyv\u00e4 ajoittaa ne niin, ett\u00e4 kuva numero 4 r\u00e4ps\u00e4ht\u00e4\u00e4 peuran ollessa l\u00e4himmill\u00e4\u00e4n. R\u00e4ps, r\u00e4ps, r\u00e4ps, R\u00c4PS, r\u00e4ps, r\u00e4ps, r\u00e4ps. Mik\u00e4 el\u00e4in niin sanoo? Kamerael\u00e4in? En ymm\u00e4rr\u00e4 mist\u00e4 puhutaan!<\/p>\n<p>&#8211; T\u00e4ht\u00e4\u00e4 aina nimenomaan silm\u00e4\u00e4n. En tied\u00e4 mist\u00e4 johtuu, mutta aivan sama jos koko rusakko on yht\u00e4 liikem\u00f6hin\u00e4\u00e4, niin jos silm\u00e4 on ter\u00e4v\u00e4, niin voi kutsua taiteeksi. Jos taas vain korva on ter\u00e4v\u00e4, voi kuvalla heitt\u00e4\u00e4 vesilintua. RUSAKKOA PITI KUVATA ENSIN PEURAA MIKSI TULI VESILINTU SOSIMAAN MEID\u00c4N ISIEN TALVISODASSA S\u00c4\u00c4ST\u00c4MI\u00c4 EL\u00c4KEVARAINTOJA? Huhhuh&#8230;<\/p>\n<p><strong>El\u00e4imen menty\u00e4<\/strong><\/p>\n<p>&#8211; Voi vitun tollo ei se ole mennyt v\u00e4ltt\u00e4m\u00e4tt\u00e4 kokonaan et ala katsoa nyt niit\u00e4 rippikuvia SE VOI TULLA TAKAISIN! Koko ajan tarkkana, kuvat katsotaan vasta kotona!<\/p>\n<p>&#8211; Hyv\u00e4t luontokuvaajat ovat olleet mets\u00e4ss\u00e4 kuulemma yli puolitoista tuntia kerrallaan. Ei vittu mit\u00e4\u00e4n j\u00e4rke\u00e4. Vaimo hermostuu viimeist\u00e4\u00e4n tunnin kohdalla, lapset pit\u00e4\u00e4 vied\u00e4 l\u00e4tk\u00e4treeneihin ja hyttyset puree! PELASTA REINO AFRODITE ET VOI SIVUUTTAA REINON TUNTEITA!<\/p>\n<p>&#8211; Kotiin k\u00e4velless\u00e4 EI KATSOTA NIIT\u00c4 VITUN RIPPIKUVIA muuten tulee yleens\u00e4 hirvi tai peura.<\/p>\n<p><strong>J\u00e4lkik\u00e4sittely<\/strong><\/p>\n<p>Ei ole ritarillista photoshopata JOTAIN VITUN KAKADUA SUOMALAISEEN KANSALLISMAISEMAAN EI SILL\u00c4 OLE OLESKELULUPAA! On hyv\u00e4 kuitenkin s\u00e4\u00e4t\u00e4\u00e4 v\u00e4h\u00e4n valotusta ja kontrastia, mutta jos liikaa tarkentaa j\u00e4lkeen p\u00e4in SE ON VITTU \u00d6LJYMAALAUS TAI JOS LAITTAA SATURAATION TAPPIIN N\u00c4YTT\u00c4\u00c4 HUUMEHOMMALTA LOPETA!<\/p>\n<p><strong>3. Loppuun viel\u00e4 realismia!<\/strong><\/p>\n<p>Kytt\u00e4sin koko vitun kes\u00e4n merikotkaa, ei tullut alas, aina korkealla, paska harrastus, aloita PERKELE PILATES!<\/p>\n<p><a href=\"\/titivituntyy.com\/wp-content\/uploads\/2013\/10\/merikotka_IMG_0491_cropped.jpg\"><img loading=\"lazy\" decoding=\"async\" class=\"alignnone size-full wp-image-179\" src=\"\/titivituntyy.com\/wp-content\/uploads\/2013\/10\/merikotka_IMG_0491_cropped.jpg\" alt=\"merikotka_IMG_0491_cropped\" width=\"495\" height=\"495\" \/><\/a><\/p>\n<p>Jahas paska ohjelma ei anna laittaa t\u00e4h\u00e4n t\u00e4gej\u00e4 pist\u00e4n sitten ne kostoksi t\u00e4h\u00e4n tekstiosaan:<\/p>\n<p>Luontokuvaus, Lintukuvaus, Asetukset, Digikuvaus, Kamera, Objektiivi, Aloittelija, Lintu, Linnut, Lent\u00e4v\u00e4 lintu, Valokuvaus, Hyv\u00e4t asetukset, Esimerkkiasetukset, Tarkennus, Valotusaika, Aukko, ISO, PERSE, AVIOLIITTO, PAINAJAINEN, PELASTAKAA, REINO, OLEN, JUMISSA, T\u00c4GEISS\u00c4, L\u00c4HETT\u00c4K\u00c4\u00c4, HAPANTAAAAAAA!<\/p>\n","protected":false},"excerpt":{"rendered":"<p>Koska luontokuvauksesta on tehty nyky\u00e4\u00e4n ihan VITUN MONIMUTKAISTA NIIN T\u00c4SS\u00c4 V\u00c4H\u00c4N PERUSASIOITA SAATANA ETT\u00c4 OSAA NUTIP\u00c4\u00c4TKIN KUVATA! 1. T\u00c4SS\u00c4 OVAT YKSISELITTEISET OIKEAT ASETUKSET! Kamera: Canon (vaihtuu Nikoniksi jos Nikon sponsoroi Reinoa ihan vitusti) Malli: 6D (paras kuvanlaatu ja autofokus*) Kuvauspylpyr\u00e4: M, koska se vihre\u00e4 automaattimode ei ymm\u00e4rr\u00e4 hevosen vittua linnuista! Luulee ett\u00e4 on syntt\u00e4rit tai [&hellip;]<\/p>\n","protected":false},"author":2,"featured_media":0,"parent":0,"menu_order":0,"comment_status":"open","ping_status":"open","template":"","meta":{"footnotes":""},"class_list":["post-618","page","type-page","status-publish","hentry"],"_links":{"self":[{"href":"https:\/\/j3hyperactive.com\/titivituntyy.com\/index.php\/wp-json\/wp\/v2\/pages\/618","targetHints":{"allow":["GET"]}}],"collection":[{"href":"https:\/\/j3hyperactive.com\/titivituntyy.com\/index.php\/wp-json\/wp\/v2\/pages"}],"about":[{"href":"https:\/\/j3hyperactive.com\/titivituntyy.com\/index.php\/wp-json\/wp\/v2\/types\/page"}],"author":[{"embeddable":true,"href":"https:\/\/j3hyperactive.com\/titivituntyy.com\/index.php\/wp-json\/wp\/v2\/users\/2"}],"replies":[{"embeddable":true,"href":"https:\/\/j3hyperactive.com\/titivituntyy.com\/index.php\/wp-json\/wp\/v2\/comments?post=618"}],"version-history":[{"count":0,"href":"https:\/\/j3hyperactive.com\/titivituntyy.com\/index.php\/wp-json\/wp\/v2\/pages\/618\/revisions"}],"wp:attachment":[{"href":"https:\/\/j3hyperactive.com\/titivituntyy.com\/index.php\/wp-json\/wp\/v2\/media?parent=618"}],"curies":[{"name":"wp","href":"https:\/\/api.w.org\/{rel}","templated":true}]}}